{"id":13,"date":"2026-05-04T15:41:28","date_gmt":"2026-05-04T15:41:28","guid":{"rendered":"https:\/\/gir-madagascar.cstpro-agv.com\/index.php\/contact\/"},"modified":"2026-05-04T15:41:28","modified_gmt":"2026-05-04T15:41:28","slug":"contact","status":"publish","type":"page","link":"https:\/\/gir-madagascar.cstpro-agv.com\/index.php\/contact\/","title":{"rendered":"Contact"},"content":{"rendered":"\t\t<div class=\"cstpro-gir cstpro-gir-site\">\n\t\t\t<header class=\"cstpro-gir-header\">\n\t\t\t\t<a class=\"cstpro-gir-brand\" href=\"https:\/\/gir-madagascar.cstpro-agv.com\/index.php\/accueil\/\" aria-label=\"GIR Madagascar 2026\">\n\t\t\t\t\t<span class=\"cstpro-gir-brand-mark\">MG<\/span>\n\t\t\t\t\t<span>GIR Madagascar 2026<\/span>\n\t\t\t\t<\/a>\n\t\t\t\t<button class=\"cstpro-gir-menu-toggle\" type=\"button\" aria-expanded=\"false\" aria-controls=\"cstpro-gir-menu\">Menu<\/button>\n\t\t\t\t<nav class=\"cstpro-gir-nav\" id=\"cstpro-gir-menu\" aria-label=\"Navigation principale\">\n\t\t\t\t\t<a class=\"\" href=\"https:\/\/gir-madagascar.cstpro-agv.com\/index.php\/accueil\/\">Accueil<\/a>\n\t\t\t\t\t<a class=\"\" href=\"https:\/\/gir-madagascar.cstpro-agv.com\/index.php\/programme\/\">Programme<\/a>\n\t\t\t\t\t<a href=\"https:\/\/gir-madagascar.cstpro-agv.com\/index.php\/accueil\/#tarif-conditions\">Tarif &amp; conditions<\/a>\n\t\t\t\t\t<a class=\"\" href=\"https:\/\/gir-madagascar.cstpro-agv.com\/index.php\/inscription\/\">Inscription<\/a>\n\t\t\t\t\t<a class=\"is-active\" href=\"https:\/\/gir-madagascar.cstpro-agv.com\/index.php\/contact\/\">Contact<\/a>\n\t\t\t\t<\/nav>\n\t\t\t\t<a class=\"cstpro-gir-header-cta\" href=\"https:\/\/gir-madagascar.cstpro-agv.com\/index.php\/inscription\/\">Je demande mon inscription<\/a>\n\t\t\t<\/header>\n\t\t\t<main>\n\t\t\t\t\t\t<section class=\"cstpro-gir-page-hero\">\n\t\t\t<div class=\"cstpro-gir-container\">\n\t\t\t\t<p class=\"cstpro-gir-kicker\">Contact<\/p>\n\t\t\t\t<h1>Une question sur le GIR Madagascar 2026 ?<\/h1>\n\t\t\t\t<p>Pour toute demande concernant le programme, les conditions, les disponibilit\u00e9s ou l\u2019inscription, vous pouvez nous contacter.<\/p>\n\t\t\t<\/div>\n\t\t<\/section>\n\t\t<section class=\"cstpro-gir-section\">\n\t\t\t<div class=\"cstpro-gir-container cstpro-gir-contact-grid\">\n\t\t\t\t<article class=\"cstpro-gir-card\">\n\t\t\t\t\t<h2>Contact local<\/h2>\n\t\t\t\t\t<p><strong>Globatlas Elssa Ocean Indien<\/strong><\/p>\n\t\t\t\t\t<p><a href=\"mailto:contact@globatlasadventures.com\">contact@globatlasadventures.com<\/a><\/p>\n\t\t\t\t\t<p>Madagascar : <a href=\"tel:+261383448974\">+261 38 34 489 74<\/a><br>France : <a href=\"tel:+33659946217\">+33 6 59 94 62 17<\/a><\/p>\n\t\t\t\t\t<p>Immeuble Haingo<br>Lot Pr\u00e8s 001 A Ter \u2014 Ambohibao Antehiroka<br>105 Antananarivo<br>Madagascar<\/p>\n\t\t\t\t<\/article>\n\t\t\t\t<article class=\"cstpro-gir-card\">\n\t\t\t\t\t<h2>Contact coordination<\/h2>\n\t\t\t\t\t<p><strong>CSTPRO-AGV \/ Fr\u00e9d\u00e9ric Massard<\/strong><\/p>\n\t\t\t\t\t\t\t\t\t\t\t<p>Email configurable dans les r\u00e9glages du plugin.<\/p>\n\t\t\t\t\t\t\t\t\t\t\t\t\t\t\t\t<p>T\u00e9l\u00e9phone configurable dans les r\u00e9glages du plugin.<\/p>\n\t\t\t\t\t\t\t\t\t\t<a class=\"cstpro-gir-button cstpro-gir-button-primary\" href=\"https:\/\/gir-madagascar.cstpro-agv.com\/index.php\/inscription\/\">Je demande mon inscription<\/a>\n\t\t\t\t<\/article>\n\t\t\t<\/div>\n\t\t<\/section>\n\t\t\t\t\t<\/main>\n\t\t\t<a class=\"cstpro-gir-sticky-cta\" href=\"https:\/\/gir-madagascar.cstpro-agv.com\/index.php\/inscription\/\">Demander mon inscription<\/a>\n\t\t\t<footer class=\"cstpro-gir-footer\">\n\t\t\t\t<div>\n\t\t\t\t\t<strong>GIR Madagascar 2026 \u2014 Tarif sp\u00e9cial agents de voyages<\/strong>\n\t\t\t\t\t<p>Organisation locale : Globatlas Elssa Ocean Indien<\/p>\n\t\t\t\t\t<p>Agence immatricul\u00e9e au Registre des op\u00e9rateurs de Voyages et de S\u00e9jours de Madagascar 114 MTA\/SG\/DGT\/DAIT\/SAT-EDBM.24<\/p>\n\t\t\t\t<\/div>\n\t\t\t\t<nav aria-label=\"Navigation pied de page\">\n\t\t\t\t\t<a href=\"https:\/\/gir-madagascar.cstpro-agv.com\/index.php\/accueil\/\">Accueil<\/a>\n\t\t\t\t\t<a href=\"https:\/\/gir-madagascar.cstpro-agv.com\/index.php\/programme\/\">Programme<\/a>\n\t\t\t\t\t<a href=\"https:\/\/gir-madagascar.cstpro-agv.com\/index.php\/accueil\/#tarif-conditions\">Tarif &amp; conditions<\/a>\n\t\t\t\t\t<a href=\"https:\/\/gir-madagascar.cstpro-agv.com\/index.php\/inscription\/\">Inscription<\/a>\n\t\t\t\t\t<a href=\"https:\/\/gir-madagascar.cstpro-agv.com\/index.php\/contact\/\">Contact<\/a>\n\t\t\t\t\t<a href=\"https:\/\/gir-madagascar.cstpro-agv.com\/mentions-legales\/\">Mentions l\u00e9gales<\/a>\n\t\t\t\t<\/nav>\n\t\t\t<\/footer>\n\t\t<\/div>\n\t\t\n","protected":false},"excerpt":{"rendered":"","protected":false},"author":0,"featured_media":0,"parent":0,"menu_order":0,"comment_status":"closed","ping_status":"closed","template":"","meta":{"footnotes":""},"class_list":["post-13","page","type-page","status-publish","hentry"],"_links":{"self":[{"href":"https:\/\/gir-madagascar.cstpro-agv.com\/index.php\/wp-json\/wp\/v2\/pages\/13","targetHints":{"allow":["GET"]}}],"collection":[{"href":"https:\/\/gir-madagascar.cstpro-agv.com\/index.php\/wp-json\/wp\/v2\/pages"}],"about":[{"href":"https:\/\/gir-madagascar.cstpro-agv.com\/index.php\/wp-json\/wp\/v2\/types\/page"}],"replies":[{"embeddable":true,"href":"https:\/\/gir-madagascar.cstpro-agv.com\/index.php\/wp-json\/wp\/v2\/comments?post=13"}],"version-history":[{"count":0,"href":"https:\/\/gir-madagascar.cstpro-agv.com\/index.php\/wp-json\/wp\/v2\/pages\/13\/revisions"}],"wp:attachment":[{"href":"https:\/\/gir-madagascar.cstpro-agv.com\/index.php\/wp-json\/wp\/v2\/media?parent=13"}],"curies":[{"name":"wp","href":"https:\/\/api.w.org\/{rel}","templated":true}]}}